In base 2, what is 0 - 10011100110001101101?
-10011100110001101101
In base 8, what is 16 - -1174?
1212
In base 10, what is -552806 + 2?
-552804
In base 11, what is 44909 - -41?
4494a
In base 14, what is -3d80 - 16?
-3d96
In base 11, what is -5 - -2500?
24a6
In base 13, what is -5 + -c89a?
-c8a2
In base 6, what is -1201513 - 14?
-1201531
In base 7, what is 0 - 15341153?
-15341153
In base 13, what is -1948a + 1?
-19489
In base 6, what is 22 + 545454?
545520
In base 15, what is 0 + -5e41?
-5e41
In base 4, what is 112012 + 220?
112232
In base 15, what is -30a49 - e?
-30a58
In base 8, what is -1223557 + -5?
-1223564
In base 14, what is -34c7c - -5?
-34c77
In base 7, what is 4 - -225526?
225533
In base 2, what is -101 + -10011110000101011?
-10011110000110000
In base 6, what is -215 + -1014?
-1233
In base 15, what is -42bbb - -2?
-42bb9
In base 12, what is -3 + -25351?
-25354
In base 7, what is 134 + -2226?
-2062
In base 11, what is 0 + 147828?
147828
In base 14, what is -7a + -5cc?
-668
In base 4, what is 113002 - -221?
113223
In base 3, what is -22010 - 2?
-22012
In base 5, what is 110101 - 1220?
103331
In base 8, what is 176337 + -4?
176333
In base 5, what is 3310044 - -22?
3310121
In base 13, what is -119 - 149?
-265
In base 2, what is -1101010000100 + -11001?
-1101010011101
In base 5, what is 310 + 21211?
22021
In base 8, what is -124570 + -127?
-124717
In base 5, what is -21204 - -1224?
-14430
In base 15, what is 29aa + -4d?
295c
In base 8, what is -465 + 103?
-362
In base 9, what is -5 - 77644?
-77650
In base 6, what is -4443300 + -4?
-4443304
In base 4, what is 3132210 + 21?
3132231
In base 10, what is 35 + -77?
-42
In base 2, what is 1010110100100 + 110000110?
1011100101010
In base 16, what is 3 + 155225?
155228
In base 3, what is -1221221112 + -11020?
-1222002202
In base 9, what is 67120 + 28?
67148
In base 12, what is 288 + -559?
-291
In base 13, what is -25 + -6470?
-6495
In base 10, what is -1 - 7420?
-7421
In base 14, what is -5 - -390d?
3908
In base 8, what is 5144 - -60?
5224
In base 16, what is 1d778 + 1?
1d779
In base 10, what is -3727 + -7?
-3734
In base 16, what is -aba - -70?
-a4a
In base 13, what is -448a - 437?
-48c4
In base 8, what is 333630 - -2?
333632
In base 8, what is -2 + 5674516?
5674514
In base 4, what is 1233110 + -1?
1233103
In base 7, what is 322 + -62102?
-61450
In base 15, what is -11965 + 3?
-11962
In base 8, what is -5 - 2242?
-2247
In base 2, what is -11000011 - -11111011?
111000
In base 12, what is 2521a - -8?
25226
In base 16, what is -c + 4a69?
4a5d
In base 11, what is 33 - -2a1?
324
In base 3, what is -11 + 110100110?
110100022
In base 6, what is -22153 + -235?
-22432
In base 14, what is 15 - 74a6?
-7491
In base 4, what is 0 + -3033220?
-3033220
In base 12, what is b133a + 4?
b1342
In base 15, what is -2505 + -a8?
-25ad
In base 16, what is -102 - 47?
-149
In base 6, what is 10 - 133454?
-133444
In base 10, what is -13 + -292?
-305
In base 12, what is -37685 + 8?
-37679
In base 16, what is 4 - 57ba0?
-57b9c
In base 13, what is 2069 - -b?
2077
In base 13, what is 507 + -45?
492
In base 7, what is -1 - -5606?
5605
In base 11, what is 83 - 104?
-31
In base 3, what is -10210 + 2122212?
2112002
In base 7, what is -62 - -101610?
101515
In base 9, what is 31208 + 0?
31208
In base 3, what is -10001 + 221102001?
221022000
In base 9, what is 3 + 244228?
244232
In base 9, what is -86 + 2443?
2346
In base 4, what is 310 + -103010?
-102100
In base 10, what is -248 + -1090?
-1338
In base 13, what is 1ab1 + 58?
1b39
In base 13, what is 0 - -1c034?
1c034
In base 8, what is -13024 + -17?
-13043
In base 5, what is -2022431120 - -3?
-2022431112
In base 15, what is -85 - 4476?
-450b
In base 13, what is 90bc - 3?
90b9
In base 12, what is a + 175?
183
In base 13, what is -2 - 965?
-967
In base 3, what is 10 - -122001001?
122001011
In base 13, what is 54b5b - -5?
54b63
In base 2, what is 110111101 - -10000010100101?
10001001100010
In base 14, what is -2053 - 4?
-2057
In base 8, what is 106 - -5365?
5473
In base 10, what is -51603 - -3?
-51600
In base 15, what is 3834 - c?
3827
In base 15, what is -7ec + -3?
-800
In base 10, what is -49969 + -24?
-49993
In base 10, what is -18 + 25912?
25894
In base 5, what is -2144004 + -10?
-2144014
In base 7, what is 445 + -4?
441
In base 16, what is 387 + 58?
3df
In base 10, what is -12252 + 2?
-12250
In base 9, what is 3 + 1756312?
1756315
In base 2, what is -110101100 + -11100101?
-1010010001
In base 10, what is -2 - -26234?
26232
In base 6, what is 5 - -11300?
11305
In base 14, what is 2675 - 1?
2674
In base 13, what is -4 - a9?
-b0
In base 9, what is 647 - -243?
1001
In base 8, what is -145037 - 0?
-145037
In base 6, what is 4 - 230513?
-230505
In base 12, what is -17 + -1a263?
-1a27a
In base 8, what is 2 - -12046?
12050
In base 8, what is -53 - -477?
424
In base 10, what is -171 - 1?
-172
In base 3, what is -22012112 + 21?
-22012021
In base 11, what is -5514 + 2?
-5512
In base 8, what is -14315 + 1404?
-12711
In base 16, what is -d + -b7d?
-b8a
In base 14, what is 0 - -28537c?
28537c
In base 12, what is -3038 + -b?
-3047
In base 2, what is -110000110100 + 1111111?
-101110110101
In base 13, what is 6 - 5707?
-5701
In base 12, what is -b + -1a21?
-1a30
In base 5, what is 121 + 41241?
41412
In base 13, what is -3 - 19481?
-19484
In base 15, what is -9 - 19190?
-19199
In base 6, what is 10051205 - 5?
10051200
In base 5, what is -3313 - 14022?
-22340
In base 12, what is 14831 + 2?
14833
In base 11, what is -40499 - -3?
-40496
In base 12, what is -5 - -7162?
7159
In base 6, what is -4 + 235014?
235010
In base 7, what is 1111 - -1662?
3103
In base 12, what is 98 + -32b?
-253
In base 3, what is 122010000020 - 21?
122002222222
In base 12, what is 43a19 + -2?
43a17
In base 2, what is 1111001010 + 1000101?
10000001111
In base 14, what is -1166 + -a9?
-1231
In base 4, what is -200111 + 1?
-200110
In base 5, what is -33323 + -2010?
-40333
In base 8, what is 5115 - -17?
5134
In base 10, what is -257 + 1346?
1089
In base 9, what is 107037 - -2?
107040
In base 2, what is 100 - 10000000110111?
-10000000110011
In base 4, what is -212 + 1313313?
1313101
In base 6, what is 213141124 - 4?
213141120
In base 5, what is -142231 + 3021?
-134210
In base 15, what is -4 + 25e7?
25e3
In base 9, what is 2815441 + 1?
2815442
In base 8, what is 22 + 167056?
167100
In base 13, what is 57c9 - -4?
5800
In base 6, what is -5 + 132021?
132012
In base 8, what is 34355 - 2?
34353
In base 2, what is 110001 + -10001100000?
-10000101111
In base 15, what is -46d - -20?
-44d
In base 15, what is -c6 + -315?
-3db
In base 13, what is 1144 - 326?
b1b
In base 5, what is 414 - -10?
424
In base 6, what is 1330253 + -4?
1330245
In base 9, what is 554 + -8873?
-8318
In base 14, what is 291 - 3b?
254
In base 3, what is -122 - -2202200101?
2202122202
In base 8, what is -1 - -24535?
24534
In base 11, what is 27720 - -5?
27725
In base 8, what is -10412 + -17?
-10431
In base 8, what is 16603 - 1240?
15343
In base 12, what is -5 - 2a09?
-2a12
In base 5, what is 1332 - 340?
442
In base 10, what is -15 + -49883?
-49898
In base 5, what is -1 + 124214201?
124214200
In base 6, what is -210250 - 14?
-210304
In base 7, what is -6163 + -505?
-10001
In base 14, what is -10a99 + -5a?
-10b15
In base 9, what is -32 + 170?
137
In base 12, what is -277 + 4bb?
244
In base 4, what is 2 + 3301001?
3301003
In base 16, what is -370 - 24?
-394
In base 13, what is 6 + -1a13?
-1a0a
In base 8, what is -3 - 206446?
-206451
In base 14, what is -bcd8 - -3?
-bcd5
In base 6, what is 13 + 1022504?
1022521
In base 10, what is 3981 + -4?
3977
In base 11, what is 1 + -16658?
-16657
In base 13, what is 480 - -2b9?
769
In base 12, what is -4 + 2b625?
2b621
In base 15, what is -70 - 5510?
-5580
In base 16, what is 1b4 - 17f3?
-163f
In base 4, what is 2303 - -1321?
10230
In base 5, what is -3 - 242001412?
-242001420
In base 13, what is -3 + -1139c9?
-1139cc
In base 15, what is b + -4662?
-4656
In base 12, what is b9125 + -1?
b9124
In base 11, what is 0 + -73374?
-73374
In base 7, what is 25 + -65300?
-65242
In base 3, what is -21100 + -1012201111?
-1012222211
In base 16, what is -4 - 6922?
-6926
In base 10, what is -218 - 1?
-219
In base 6, what is -5 - -4350?
4341
In base 9, w